et k = 7627 + -826. Is k prime?
False
Let v be (-10)/(-50) + (-1 - 4/(-5)). Is (-111)/(-6)*29*(v - -2) a composite number?
True
Let j = 3536 + -1882. Is j prime?
False
Is 14/2 + 2037750/65 a composite number?
False
Suppose 0 = 91*q - 82*q - 55467. Is q prime?
True
Let l(n) = 13*n**3 + 14*n**2 + 10*n + 37. Is l(12) a prime number?
False
Let r be (41 + -5 + 6)/((-4)/(-86)). Let k = -382 + r. Is k a composite number?
False
Is ((-58736)/(-24))/((-10)/(-15)) composite?
False
Let r(x) = 2*x. Let q be r(-2). Let g(h) = -2*h**3 + 5*h**2 + 8*h + 11. Is g(q) prime?
False
Suppose 2*p + 5*s - 31 = 0, 0 = -3*p + p - 2*s + 16. Let a be ((7 - p) + 74)/(-1). Let t = 175 + a. Is t a composite number?
False
Suppose -8*z = -11897 - 51279. Is z a prime number?
False
Suppose 18*h - 11*h = 582449. Is h prime?
True
Let p(z) = -z**3 + 10*z**2 - 9*z. Let k be p(9). Suppose -3 = 4*n - 19, k = -4*j - 5*n + 1724. Is (-3)/(-6)*(j - 4) a prime number?
True
Is ((-24)/44 - 342/99) + 17447 a composite number?
False
Suppose 0 = 2*a - 2, 0 = -c + 3*a - a + 1422. Suppose -5*s + c = -s. Let x = s - 213. Is x composite?
True
Let y = 72959 - 50452. Is y prime?
False
Suppose 7*v + 584850 = 12*v. Is ((-2)/3)/((-20)/v) a prime number?
False
Let v = -56234 + 79135. Is v a prime number?
True
Suppose 7*j - 151712 = 28097. Is j a prime number?
False
Let c = 6 + -1. Let m(p) = -p**3 - 21*p**2 - 36*p + 40. Let b be m(-19). Suppose -5*s + c*j = -2865, -3*s + b*j + 104 = -1615. Is s composite?
True
Suppose -4*j + 25 - 1 = 0. Suppose 3*p + g = 1694, -2*g = j*p - 2*p - 2262. Is p a composite number?
False
Let q(t) = -3*t - 26. Let h be q(-10). Suppose 0 = -h*m, 2*p - 6*p + m = -2284. Is p a composite number?
False
Let z(s) = 2*s**3 - 9*s**2 + 4*s + 5. Is z(8) a composite number?
True
Let a = -279 - -1633. Is a a prime number?
False
Let p(k) = 2*k - 9. Let d be p(6). Let n be (2/6)/(d/27). Suppose s = n*s - 86. Is s a prime number?
True
Let z = -12 + 12. Suppose z = 6*m - m - 10. Suppose 368 = m*w - s, -363 - 196 = -3*w - 2*s. Is w a composite number?
True
Let s(t) = t**3 + 4*t**2 + 3*t + 3. Let c be s(-3). Suppose -c*l = -12 + 3. Suppose l = 3*b - 4*b, 2*o - 5*b - 203 = 0. Is o a composite number?
True
Let u(r) = -32 + 14 - 147*r + 16. Is u(-7) a prime number?
False
Suppose 0 = 5*s - 904 - 92891. Suppose 0 = 16*w - s + 6167. Is w prime?
True
Suppose -6*m - m + 1050 = 0. Suppose -4*g - 200 = z, -4*g - m = -g - 5*z. Let v = g - -207. Is v a composite number?
False
Let q = -1618 - -2979. Is q a composite number?
False
Let j(o) = 864*o**2 - 6*o + 5. Let x be j(1). Let c = x - 516. Is c a composite number?
False
Let u = 20 - 17. Suppose u*n = -3*s + 10962, -4*n + 6*s = s - 14661. Is n a composite number?
False
Let q(l) = 1142*l**2 + 10*l - 14. Let z be q(5). Suppose -13*v = z - 148927. Is v prime?
True
Suppose 1018 = 2*w + 5*o, -3*o = -4*w - 623 + 2659. Let g = w + -298. Is g a composite number?
False
Suppose 4*b = -c - 15, -2*b - 3*b = -5*c. Is c + 0 + (-3 - -85) a prime number?
True
Let w(p) = 11*p**2 - 42*p + 2. Is w(-11) composite?
True
Let y be (-8)/(4 - 2) + -3 + 22. Is (-3122)/(-6)*y/5 prime?
False
Let l(i) = 4*i**3 + 6*i**2 - 5*i - 7. Let k(x) = x**3 + 10*x**2 - 2*x - 15. Let f be k(-10). Let j be l(f). Let s = j - 223. Is s a prime number?
False
Suppose 0*c = 3*c - 357. Let k = 210 - c. Is k a composite number?
True
Suppose -2*i - 13 = -47. Let b = 114 + i. Is b prime?
True
Is (2/4)/((-27)/(-329562)) composite?
True
Let f = -4 + -13. Let q = f - -19. Is ((-1)/q*242)/(-1) a composite number?
True
Is ((-2)/1)/((-24)/361308) composite?
False
Let r(i) = -4*i**2 + 6*i. Let s(j) = 2*j**2 - 3*j. Let b be -2 + (-2 - -11) + -2. Let q(v) = b*s(v) + 2*r(v). Is q(5) composite?
True
Let v be ((-147)/(-14))/((-3)/(-4)). Let m be 30/v + (-1)/7. Suppose m*i = 233 + 33. Is i prime?
False
Let t(l) be the first derivative of l**4/4 + 7*l**3/3 - l**2/2 + 13*l + 1. Let m(u) = -u**3 + 24*u**2 - u + 18. Let k be m(24). Is t(k) composite?
True
Suppose 56620 = 12*a + 8*a. Is a - (2 - (1 - 3)) composite?
True
Let b = 34435 - -17014. Is b a prime number?
True
Suppose -11*r + 6875 = -5082. Is r prime?
True
Suppose -f + p - 47 = 0, -4*f - 67 = -3*p + 125. Let y = f - -175. Is (-6)/((-256)/y + 2) composite?
True
Suppose -n + 33475 = 3*p, -4*p - 1635 = 2*n - 46267. Is p composite?
False
Let b = -4903 - -9396. Is b a composite number?
False
Let v(l) = 3*l**3 - l**2 - 19*l + 1. Is v(6) prime?
True
Let a = 4475 - 1972. Is a prime?
True
Let c = -19 + 79. Suppose -4*f - 2*f - c = 0. Is -2 + 206*(-35)/f a composite number?
False
Let v be 37/(-1) + 1 - (-3 + 2). Is (-7)/v + (-4754)/(-5) composite?
True
Suppose 5*m + 2*w = -2*w, 0 = 4*m + 5*w. Suppose l + m*d - 571 = 2*d, -5*d + 2297 = 4*l. Is l a prime number?
False
Let w be (-8)/6*(-24)/16. Let m be 4/(-1 + 5)*w. Suppose m*f - 47 - 95 = 0. Is f a composite number?
False
Let r = -119 - 48. Let t = r - -412. Let k = t - -90. Is k a composite number?
True
Let t(s) = -4*s**3 - 2*s**2 + 4*s - 1. Let c(f) = -f - 20. Let i be c(-16). Let q be t(i). Suppose -35 = -g + 4*k + 166, k + q = g. Is g prime?
False
Suppose -13*q - 112643 = -5*s - 10*q, -s - 4*q + 22547 = 0. Is s prime?
True
Let z = -14 - -25. Let i = -6 + z. Suppose 0 = 3*f + i*a - 695, -f + 53 = -3*a - 188. Is f a prime number?
False
Suppose 44*y - 2030546 = 1193642. Is y a prime number?
True
Let v = 2995 + -2118. Is v prime?
True
Let g(d) = 261*d**3 - 6*d**2 + 2*d - 4. Let b = 80 - 77. Is g(b) a prime number?
False
Suppose 2*j - 10*t + 6*t = 2414, -j + 1192 = -5*t. Is j a composite number?
False
Let w(f) = -43*f**3 + 23*f**2 + 3*f + 24. Is w(-11) composite?
True
Let b = -35 + 35. Suppose -z = -b*z - 4*d - 383, 3*d - 418 = -z. Is z a prime number?
False
Suppose 67286 = 7*a - 23651. Let b = 18428 - a. Is b a prime number?
True
Suppose 3*w = g + w + 8, 5*g = -w + 4. Suppose 0*d - d + 521 = g. Is d a composite number?
False
Suppose 0 = -2*x + 3*x + 30. Let a = 101 + -63. Is a*(x/(-4) - -1) a prime number?
False
Suppose -4*j = -7*j + 3993. Let d = 1972 - j. Is d composite?
False
Let b be 3/((-12)/(-40))*29. Suppose -4*x = -1674 - b. Is x prime?
True
Let f be ((-8)/(-3))/(20/30). Suppose 4*g = -g - 2*v + 7538, -5*g = -f*v - 7514. Suppose 0 = -4*z + g + 1018. Is z a composite number?
False
Let q = 125 + -80. Suppose q = 2*o - 57. Is o a composite number?
True
Let f(c) = 115*c + 20. Let l be f(-4). Is (l/8)/(-2 + 1) a composite number?
True
Suppose 85 - 7 = -3*l. Let w = 101 - l. Is w a prime number?
True
Let x(a) = 7 + 5*a - 19*a - 14*a. Let l = 8 - 12. Is x(l) composite?
True
Let a = -105 - -107. Suppose -4*n + 4*i + 7506 = a*i, -5*n - 3*i + 9410 = 0. Is n composite?
False
Let t(s) = -299*s + 486. Is t(-15) a prime number?
False
Let y = -279 - -394. Let n = -46 + y. Is 2/(-1) + n*1 prime?
True
Suppose -107 = 3*q - 116. Suppose q*t + x = 296 + 340, -3*x = 4*t - 853. Is t composite?
False
Suppose 14*q - 69369 - 4957 = 0. Is q a composite number?
False
Let c = 5138 + -3405. Is c prime?
True
Suppose -15*q + 22*q - 61327 = 0. Is q prime?
True
Let x = 853 - 15. Let t = -545 + x. Is t composite?
False
Suppose -4*z + 0*z = -56. Let d = 123 + -121. Is 497/z - d/4 composite?
True
Suppose -5*i = 5*k - 15, 3*k + 0 = i + 1. Let y be (k - -35)*(-14)/(-6). Suppose -7*j - t = -3*j - y, -3*j + 63 = 3*t. Is j composite?
True
Suppose -16*c = -15*c + 3*q - 14998, -3*q + 44964 = 3*c. Is c prime?
True
Let y = 5 - 8. Let q(s) be the first derivative of -3*s**2/2 + s - 4. Is q(y) composite?
True
Suppose 4*v + 0*v = -12. Let g be 6/9*(-18)/v. Is (-3)/g - (-1533)/12 composite?
False
Let t be ((-1)/2)/((-1)/6 - 0). Let j(d) = -5*d**3 - 2*d**2 + 1. Let v be j(-1). Suppose 0 = r - v*r - 5*l + 76, -5*l = -t*r + 56. Is r a composite number?
True
Suppose -40*m - 5478 = -62*m. Is m a composite number?
True
Let l(s) = 3*s + 12. Let f be l(-6). Let c(n) = 182*n + 12. Let x(t) = -61*t - 4. Let i(y) = f*c(y) - 17*x(y). Is i(-7) prime?
False
Is (-3831)/(-2)*(-7 - -9) a composite number?
True
Suppose 73 - 853 = 4*y. Is 3*1*13/(y/(-1910)) prime?
False
Is ((-2)/(8/(-4)))/((-10)/(-35110)) a prime number?
True
Let d(j) = 673*j - 5. Let i be d(-1). Let l = -2052 - -1079. Let y = i - l. Is y composite?
True
Suppose -40*n + 755552 = 22632. Is n a composite number?
True
